inder when 1286767 is divided by 673?
664
What is the remainder when 3686188 is divided by 17722?
12
Calculate the remainder when 3791317 is divided by 40.
37
Calculate the remainder when 1745969 is divided by 1443.
1382
Calculate the remainder when 4822175 is divided by 236.
223
Calculate the remainder when 25029 is divided by 4114.
345
What is the remainder when 729275 is divided by 240578?
7541
Calculate the remainder when 1762330 is divided by 587149.
883
Calculate the remainder when 784592 is divided by 6178.
6164
Calculate the remainder when 176611 is divided by 43777.
1503
Calculate the remainder when 9983284 is divided by 8666.
52
Calculate the remainder when 50754492 is divided by 2961.
2952
What is the remainder when 2897104 is divided by 41987?
1
Calculate the remainder when 2458994 is divided by 3580.
3114
What is the remainder when 360692 is divided by 22503?
644
Calculate the remainder when 55538737 is divided by 161.
16
Calculate the remainder when 11075401 is divided by 43950.
1
What is the remainder when 1572443 is divided by 2749?
15
Calculate the remainder when 83099 is divided by 82200.
899
What is the remainder when 139880598 is divided by 9325373?
3
Calculate the remainder when 231473 is divided by 1526.
1047
Calculate the remainder when 444000 is divided by 3264.
96
Calculate the remainder when 613465 is divided by 714.
139
What is the remainder when 30592547 is divided by 657?
656
What is the remainder when 2002349 is divided by 2002311?
38
Calculate the remainder when 21676 is divided by 20718.
958
What is the remainder when 664066 is divided by 3046?
38
What is the remainder when 4094593 is divided by 87119?
0
What is the remainder when 217656 is divided by 4029?
90
What is the remainder when 10798 is divided by 634?
20
Calculate the remainder when 870890 is divided by 118.
50
What is the remainder when 240309 is divided by 233?
86
What is the remainder when 113359 is divided by 1494?
1309
What is the remainder when 498505 is divided by 99696?
25
What is the remainder when 5290866 is divided by 12135?
6
What is the remainder when 480563 is divided by 822?
515
What is the remainder when 638824 is divided by 127762?
14
Calculate the remainder when 6384082 is divided by 6384048.
34
Calculate the remainder when 886368 is divided by 14.
0
What is the remainder when 36464626 is divided by 582?
580
Calculate the remainder when 3012 is divided by 745.
32
What is the remainder when 151499 is divided by 594?
29
What is the remainder when 63940174 is divided by 1271?
1248
Calculate the remainder when 310497 is divided by 3230.
417
What is the remainder when 121941117 is divided by 160?
157
Calculate the remainder when 1516378627 is divided by 4745.
4742
Calculate the remainder when 140695 is divided by 500.
195
Calculate the remainder when 2487 is divided by 2122.
365
What is the remainder when 3538526 is divided by 104?
30
What is the remainder when 395881 is divided by 130026?
5803
Calculate the remainder when 336129 is divided by 752.
737
What is the remainder when 40869 is divided by 6333?
2871
What is the remainder when 293097 is divided by 26634?
123
Calculate the remainder when 1498679 is divided by 93665.
39
Calculate the remainder when 1167220 is divided by 1008.
964
Calculate the remainder when 6892 is divided by 1341.
187
What is the remainder when 43964 is divided by 11981?
8021
Calculate the remainder when 12607924 is divided by 1045.
1044
What is the remainder when 11817532 is divided by 291?
22
What is the remainder when 2295973 is divided by 3993?
3991
Calculate the remainder when 75016 is divided by 594.
172
Calculate the remainder when 1787373 is divided by 15147.
27
What is the remainder when 448580 is divided by 685?
590
Calculate the remainder when 962566 is divided by 6.
4
What is the remainder when 1080896 is divided by 12714?
206
What is the remainder when 15267438 is divided by 3649?
22
Calculate the remainder when 978545 is divided by 180.
65
Calculate the remainder when 10238 is divided by 1684.
134
Calculate the remainder when 236940 is divided by 4307.
55
What is the remainder when 1071261 is divided by 1068430?
2831
Calculate the remainder when 109077 is divided by 232.
37
Calculate the remainder when 425545 is divided by 870.
115
What is the remainder when 155869 is divided by 2284?
557
What is the remainder when 8576286 is divided by 18?
6
Calculate the remainder when 27242058 is divided by 213.
210
What is the remainder when 93829 is divided by 705?
64
What is the remainder when 14830096 is divided by 207?
202
Calculate the remainder when 311019391 is divided by 103673127.
10
Calculate the remainder when 98979903 is divided by 110964.
15
What is the remainder when 48318015 is divided by 6039751?
7
What is the remainder when 6535789 is divided by 933683?
8
Calculate the remainder when 8831927 is divided by 670.
657
What is the remainder when 928886 is divided by 454?
2
What is the remainder when 531313 is divided by 492?
445
Calculate the remainder when 8631804 is divided by 4136.
4108
Calculate the remainder when 380005 is divided by 299.
275
Calculate the remainder when 2835 is divided by 2251.
584
Calculate the remainder when 735259 is divided by 5570.
19
Calculate the remainder when 20947 is divided by 4143.
232
What is the remainder when 15573629 is divided by 136?
133
Calculate the remainder when 126337 is divided by 4676.
85
What is the remainder when 2083998 is divided by 2939?
247
Calculate the remainder when 466049 is divided by 1299.
1007
What is the remainder when 294680998 is divided by 1164747?
7
What is the remainder when 50239197 is divided by 10?
7
What is the remainder when 10583142 is divided by 1223?
523
What is the remainder when 2579517 is divided by 32?
29
Calculate the remainder when 121350809 is divided by 289.
287
Calculate the remainder when 160292 is divided by 86.
74
What is the remainder when 5076154 is divided by 1015221?
49
What is the remainder when 63345625 is divided by 3976?
3969
Calculate the remainder when 21910884 is divided by 10955422.
40
What is the remainder when 7324794 is divided by 499?
472
Calculate the remainder when 340724303 is divided by 24.
23
Calculate the remainder when 3777912 is divided by 1357.
24
Calculate the remainder when 57980 is divided by 107.
93
Calculate the remainder when 549318 is divided by 16151.
184
What is the remainder when 95939 is divided by 8690?
349
What is the remainder when 170317 is divided by 56510?
787
What is the remainder when 2028192 is divided by 14804?
44
Calculate the remainder when 38440480 is divided by 1671325.
5
Calculate the remainder when 193929 is divided by 4388.
857
Calculate the remainder when 22642 is divided by 277.
205
What is the remainder when 2974820 is divided by 156569?
9
Calculate the remainder when 46870 is divided by 7786.
154
What is the remainder when 474049 is divided by 469663?
4386
Calculate the remainder when 39308 is divided by 38838.
470
Calculate the remainder when 3007703 is divided by 845.
348
Calculate the remainder when 1197384 is divided by 1197376.
8
Calculate the remainder when 14562723 is divided by 160.
3
Calculate the remainder when 4591018 is divided by 765169.
4
Calculate the remainder when 67450 is divided by 13412.
390
Calculate the remainder when 2076628 is divided by 2.
0
Calculate the remainder when 24377702 is divided by 18.
14
What is the remainder when 78371635 is divided by 72?
67
Calculate the remainder when 29714 is divided by 734.
354
What is the remainder when 23392471 is divided by 137?
132
Calculate the remainder when 207864 is divided by 73.
33
Calculate the remainder when 2343754 is divided by 22.
6
What is the remainder when 3514717 is divided by 733?
715
What is the remainder when 112686 is divided by 112649?
37
What is the remainder when 259432 is divided by 4776?
1528
Calculate the remainder when 3210886 is divided by 3300.
3286
What is the remainder when 503165 is divided by 313?
174
What is the remainder when 715052 is divided by 118950?
1352
Calculate the remainder when 11412 is divided by 3352.
1356
Calculate the remainder when 3346984 is divided by 453.
220
Calculate the remainder when 5597837 is divided by 187.
179
What is the remainder w